85. What is the remainder when m is divided by j?
8
Let o(d) = -d**3 - 6*d**2 + d - 4. Let g be o(-6). What is the remainder when 78 is divided by 78/4 + (-5)/g?
18
Let a(n) = 104*n + 3. Suppose 5*m = -k - 2*k - 10, 5*k = 2*m - 27. What is the remainder when a(m) is divided by 27?
26
Let g be (0 - (-6)/(-3)) + -4. Calculate the remainder when 6 is divided by (9 + -3)/(g/(-4)).
2
Let s be (3/1)/((-2)/6). Suppose -22 + 7 = n. Let u = s - n. Calculate the remainder when 15 is divided by u.
3
What is the remainder when (184/(-10))/((-2)/5) is divided by 12?
10
Let u = 40 - 21. What is the remainder when 74 is divided by u?
17
Let c(j) = -5*j - 7 + 2*j + 11*j. What is the remainder when 48 is divided by c(3)?
14
Suppose -2*h - 10 = -g - 5*h, -4*g + 5*h + 91 = 0. What is the remainder when g is divided by 7?
5
Let y = 20 - 15. Calculate the remainder when 22 is divided by y.
2
Suppose -5*n = -235 - 45. Calculate the remainder when n is divided by 19.
18
Let i be 1 + (2 - 0/1). Suppose -5*t + 80 = i*w - 4*t, 25 = w + 2*t. Calculate the remainder when w is divided by 15.
12
Let l = -150 - -70. Let c(p) = -9*p - 2. Calculate the remainder when 27/12*l/(-6) is divided by c(-2).
14
Suppose -3*z + 7*z - 4*s - 72 = 0, -s = -5. Calculate the remainder when z is divided by 13.
10
Let w be 1 - -3*(-1 + 2). Suppose -5*u = -w*r + 208, -5*u = 21 - 1. What is the remainder when r is divided by 16?
15
Suppose 0 = -2*s - 4, 0*c - 3*s = 2*c. Let r(k) = -1 - k**2 + 2*k + c + 2*k**2. What is the remainder when 9 is divided by r(-3)?
4
Suppose -4*h + t + 49 = 0, 16 - 37 = -2*h - 3*t. Calculate the remainder when 46 is divided by h.
10
Let s(d) = -d**3 + 5*d**2 - 11*d - 8. Let c(b) = 5*b**3 - 20*b**2 + 45*b + 33. Let x(o) = -2*c(o) - 9*s(o). Calculate the remainder when x(-7) is divided by 14.
13
Suppose 208 = -4*v - 116. Let f = 141 + v. Suppose -f = -5*b + 5*z, 3*z = -2*b - b + 6. What is the remainder when 20 is divided by b?
6
Suppose 124 = -0*z + 4*z. What is the remainder when z is divided by 56/(-3 - -7) - 3?
9
Suppose -4*f = -5*w - 3*f + 236, 5*f = 2*w - 99. Calculate the remainder when w is divided by 13.
8
Let q(j) = j**2 + 11. Suppose -2*u = -7*u + 75. Let s = -11 + u. Calculate the remainder when q(0) is divided by s.
3
Let l(u) = -25*u - 3. Suppose g + 80 = 5*g. What is the remainder when l(-4) is divided by g?
17
Suppose -19 = 2*g - 35. What is the remainder when 24 is divided by g?
0
Calculate the remainder when 18/(-4)*88/(-6) is divided by 23.
20
Let f(o) = -o**2 + 4*o + 10. Let l = -10 - -15. What is the remainder when 12 is divided by f(l)?
2
Suppose 0 = 5*h + x - 397, 3*h - 291 = 2*x - 58. What is the remainder when h is divided by 27?
25
Let v = 3 + 0. Suppose 4*m = -4*x + 84, -6*m = -x - m + v. Suppose 0 = -2*w + x - 0. Calculate the remainder when w is divided by 5.
4
Suppose -3*m = -2*m - 2*i - 169, 5*m - 813 = 2*i. Suppose -4*u - 74 = -2*k, -m = 2*k - 7*k + 4*u. Calculate the remainder when k is divided by 6.
5
Let h = 131 + -96. What is the remainder when 135 is divided by h?
30
Let n(w) = w**2 - 3*w + 4. Let y be 1 + (-16)/12*-3. Let h(q) = -q + 39. What is the remainder when h(0) is divided by n(y)?
11
Let h(t) be the first derivative of -t**4/4 + 2*t**3 + 3*t**2 - 2*t - 3. Calculate the remainder when h(6) is divided by 12.
10
Let a be (1/(-1))/(-1) + 1. Suppose a*x - 400 = -3*q, -x - 5*q - 950 = -6*x. Calculate the remainder when 2/(-8) + x/8 is divided by 13.
11
Let q be 1*221 - (-3 - -4). What is the remainder when 30 is divided by q/14 - 2/(-7)?
14
Let x(s) = -s**2 + 9*s - 1. Let p(a) = a**3 + 5*a**2 + 5*a + 4. Let w be p(-4). Suppose w = -2*m - 2*m + 76. Calculate the remainder when m is divided by x(8).
5
Let h be (-1 - 20)*1/(-3). Let z = -5 + h. Suppose -p + f = 0, 5*f = 2*p + z*p + 5. What is the remainder when p is divided by 3?
2
Let u(n) = -n**2 + 9*n + 10. Let j be u(10). Suppose 2*t + 0*t - 10 = j. Calculate the remainder when 7 is divided by t.
2
Let d = -28 + 37. What is the remainder when 98 is divided by d?
8
Suppose -2 - 1 = -3*l. Let v(x) = -l + 5*x + x**3 + 0*x**3 + 5 + 7*x**2. What is the remainder when 19 is divided by v(-6)?
9
Let v(x) = -x**3 + x + 7. Let w be v(0). Suppose 0 = -k + 3*m - 0*m - 11, -w = k + m. Let y(j) = -4*j - 7. What is the remainder when y(k) is divided by 9?
7
Let c(x) be the first derivative of -x**3/3 + 6*x**2 - 7*x + 1. Suppose 0*o - 3*o = -33. Calculate the remainder when o is divided by c(11).
3
Let u(m) = m**2 - 5*m. Calculate the remainder when 16 is divided by u(6).
4
Let x(k) = -k**2 + 20*k + 10. Calculate the remainder when x(11) is divided by 37.
35
Suppose -56 = -4*m - 3*m. What is the remainder when 28 is divided by m?
4
Suppose 5*n = 93 - 8. Suppose 3*t + n = 4*t. Suppose 4*i - 87 = t. Calculate the remainder when i is divided by 9.
8
Let q = -12 + 7. Let v be (-14)/(-2) - (-8 + 8). Let d = v - q. What is the remainder when d is divided by 5?
2
Suppose 5*f - 4*w = -52, 0 = -f - 2*w + 3*w - 11. Let r = -9 - f. Let x(d) = 19*d**2 + 2*d + 1. Calculate the remainder when 35 is divided by x(r).
17
Suppose 5*v + 18 = -s, -24 = -0*s - 2*s + 5*v. Suppose -b + 0*b = -29. What is the remainder when b is divided by ((-4)/(-6))/(s/30)?
9
Suppose -2*r = r. Suppose -3 = -i, r = 3*q - 4*i - 1 - 11. Let l(h) = -h**2 - 9*h - 9. What is the remainder when q is divided by l(-7)?
3
Suppose -m = -5*z + 330, 2*m - 132 = -2*z - 0*z. What is the remainder when z is divided by 10?
6
Suppose -47 = -z + 52. Calculate the remainder when z is divided by 20.
19
Let z be 76/(-5) - 5/(-25). Let k be 9/z - 54/(-15). Calculate the remainder when ((-3)/k)/((-1)/7) is divided by 4.
3
Let h = -118 - -173. What is the remainder when h is divided by 19?
17
Suppose -5 = 2*u - 5*s - 17, -8 = 4*s. Suppose a + 2*h = h - 3, -a - 7 = 2*h. Calculate the remainder when a is divided by u.
0
Let q = -1 + 1. Let t(n) = -n**2 + 14*n + 17. Let f be t(15). Suppose -3*r + 27 + 30 = -5*v, f*r + 2*v - 22 = q. What is the remainder when r is divided by 5?
4
What is the remainder when (84/(-4))/((-9)/6) is divided by 4?
2
Let k be (-2 + 2)/1*1. Suppose 4*p - 2*n = k, p - 4*n = -p. Suppose p = b + 4*y - 32, -3*b - 3*y + y = -46. What is the remainder when 47 is divided by b?
11
Let v = 36 + -24. Calculate the remainder when 55 is divided by v.
7
Suppose 5*c = b - 40, -2*b + 31 = -4*c - 43. What is the remainder when 66 is divided by b?
31
Let f = 19 + -11. Let n = -10 + 51. Calculate the remainder when n is divided by (-93)/(-6) + (-12)/f.
13
Let v = -86 + 90. What is the remainder when 14 is divided by v?
2
Let r(a) = -a + 6. Let o be r(6). Suppose -l - 3*l + 192 = o. What is the remainder when l is divided by 17?
14
Let q(j) = -10*j - 5. Calculate the remainder when q(-3) is divided by 9.
7
Suppose 0 = -p - 6*s + 2*s + 32, -4*p + 76 = 3*s. Suppose -2*a - p + 26 = 0. Calculate the remainder when 6 is divided by a.
1
Let i(w) = 2*w + w**2 - 4*w - 4 - 6*w**2 + w**3. Let b = 2 + 4. Calculate the remainder when 39 is divided by i(b).
19
Suppose 2*i - 20 = -3*i. Let l = -3 - 4. Let z = -4 - l. What is the remainder when i is divided by z?
1
Suppose 5*j + h = 51, -j + 10 = j + 3*h. What is the remainder when 53 is divided by j?
9
Let t(n) = n**3 + 9*n**2 + 14*n + 14. What is the remainder when 69 is divided by t(-4)?
31
What is the remainder when (57/(-9))/((-3)/45) is divided by 32?
31
Let v be 1/(-4) + (-34)/(-8). Suppose -v*p + 33 = -p. Suppose 57 = 3*c + 3*s, 5*s - 11 = -0*c - c. Calculate the remainder when c is divided by p.
10
Suppose -2 - 6 = -2*m. Suppose 14 = m*l + 6. Suppose -l*n - 176 = -5*v, 2*n - 59 = -2*v + 17. What is the remainder when v is divided by 19?
17
Let g(q) = 4*q - 2. Let n(o) = -o + 6. Suppose -c + 6 = c. Let j be n(c). Calculate the remainder when 29 is divided by g(j).
9
Let k(t) = -11*t + 5. Let g = 19 + -15. Suppose 0 = -2*q + c + 2*c + 40, q + g*c = 9. What is the remainder when k(-4) is divided by q?
15
Suppose 10*s - 22*s = -156. What is the remainder when s is divided by 4?
1
Suppose -u - 2*u + 6 = 0. Suppose -6 = 2*a, u*l + a - 4*a = 139. Suppose -34 = -0*k - 2*k. What is the remainder when l is divided by k?
14
Let d(q) be the second derivative of q**5/20 + q**4/2 - 4*q**3/3 + 4*q**2 - 5*q. What is the 